digit of 12207947?
4
What is the tens digit of 78640?
4
What is the tens digit of 18251720?
2
What is the units digit of 65663?
3
What is the hundreds digit of 279375?
3
What is the thousands digit of 242298?
2
What is the hundreds digit of 1976993?
9
What is the ten thousands digit of 7438709?
3
What is the units digit of 422151?
1
What is the hundreds digit of 1854898?
8
What is the tens digit of 8677031?
3
What is the tens digit of 628356?
5
What is the millions digit of 3144486?
3
What is the millions digit of 9188762?
9
What is the thousands digit of 373310?
3
What is the units digit of 4165050?
0
What is the tens digit of 19899199?
9
What is the millions digit of 2674376?
2
What is the hundreds digit of 46218?
2
What is the millions digit of 2582043?
2
What is the millions digit of 7440894?
7
What is the hundred thousands digit of 180479?
1
What is the hundreds digit of 907952?
9
What is the millions digit of 21261296?
1
What is the units digit of 603242?
2
What is the hundred thousands digit of 121989?
1
What is the tens digit of 22990442?
4
What is the thousands digit of 115175?
5
What is the hundred thousands digit of 1786019?
7
What is the ten thousands digit of 45257?
4
What is the hundred thousands digit of 181355?
1
What is the millions digit of 7731918?
7
What is the units digit of 7352419?
9
What is the thousands digit of 2364211?
4
What is the units digit of 49645?
5
What is the thousands digit of 9972914?
2
What is the thousands digit of 1111?
1
What is the thousands digit of 12405?
2
What is the tens digit of 2703677?
7
What is the hundreds digit of 947251?
2
What is the hundred thousands digit of 770379?
7
What is the hundred thousands digit of 3800072?
8
What is the ten thousands digit of 387628?
8
What is the ten thousands digit of 2523390?
2
What is the thousands digit of 14234617?
4
What is the tens digit of 2211760?
6
What is the hundred thousands digit of 255048?
2
What is the hundred thousands digit of 134644?
1
What is the hundreds digit of 265675?
6
What is the tens digit of 359873?
7
What is the ten thousands digit of 2098101?
9
What is the hundred thousands digit of 350410?
3
What is the tens digit of 134768?
6
What is the tens digit of 391262?
6
What is the hundred thousands digit of 5056662?
0
What is the thousands digit of 353955?
3
What is the ten millions digit of 15641680?
1
What is the hundreds digit of 14230896?
8
What is the hundreds digit of 161962?
9
What is the ten thousands digit of 75112?
7
What is the ten thousands digit of 869432?
6
What is the tens digit of 5492220?
2
What is the ten thousands digit of 4201811?
0
What is the tens digit of 20839561?
6
What is the tens digit of 31310669?
6
What is the tens digit of 7745588?
8
What is the tens digit of 130687?
8
What is the hundred thousands digit of 735882?
7
What is the thousands digit of 458946?
8
What is the ten thousands digit of 13095260?
9
What is the tens digit of 4689951?
5
What is the thousands digit of 565705?
5
What is the millions digit of 8459339?
8
What is the hundred thousands digit of 1150036?
1
What is the hundred thousands digit of 4227745?
2
What is the hundred thousands digit of 327155?
3
What is the hundreds digit of 4750008?
0
What is the thousands digit of 2514588?
4
What is the millions digit of 15782897?
5
What is the tens digit of 967998?
9
What is the hundreds digit of 30263083?
0
What is the hundred thousands digit of 190372?
1
What is the tens digit of 110149?
4
What is the millions digit of 2000664?
2
What is the hundred thousands digit of 352280?
3
What is the thousands digit of 559604?
9
What is the tens digit of 511167?
6
What is the hundred thousands digit of 531501?
5
What is the hundred thousands digit of 10068440?
0
What is the tens digit of 1178825?
2
What is the ten thousands digit of 22498946?
9
What is the hundred thousands digit of 4057248?
0
What is the ten thousands digit of 6529894?
2
What is the units digit of 4890937?
7
What is the hundreds digit of 77202?
2
What is the ten thousands digit of 21074?
2
What is the tens digit of 287286?
8
What is the hundred thousands digit of 165050?
1
What is the thousands digit of 61745?
1
What is the tens digit of 273568?
6
What is the thousands digit of 4717103?
7
What is the hundreds digit of 181191?
1
What is the thousands digit of 3068210?
8
What is the tens digit of 5035699?
9
What is the hundred thousands digit of 1289987?
2
What is the millions digit of 1688111?
1
What is the units digit of 259730?
0
What is the millions digit of 5010124?
5
What is the tens digit of 3391679?
7
What is the tens digit of 168610?
1
What is the tens digit of 26693541?
4
What is the hundreds digit of 1422449?
4
What is the units digit of 170147?
7
What is the ten millions digit of 15881445?
1
What is the thousands digit of 2320052?
0
What is the units digit of 895557?
7
What is the units digit of 7719900?
0
What is the tens digit of 1140535?
3
What is the hundreds digit of 7588000?
0
What is the ten thousands digit of 23708?
2
What is the hundred thousands digit of 605042?
6
What is the ten thousands digit of 166699?
6
What is the tens digit of 772802?
0
What is the millions digit of 4895809?
4
What is the tens digit of 5132?
3
What is the hundreds digit of 5766759?
7
What is the units digit of 9046768?
8
What is the millions digit of 6090911?
6
What is the units digit of 4640161?
1
What is the thousands digit of 601658?
1
What is the units digit of 53422?
2
What is the units digit of 3964282?
2
What is the ten thousands digit of 590272?
9
What is the millions digit of 8696016?
8
What is the tens digit of 28164652?
5
What is the hundred thousands digit of 4563855?
5
What is the thousands digit of 2164950?
4
What is the hundred thousands digit of 4932094?
9
What is the ten thousands digit of 467135?
6
What is the ten thousands digit of 19469329?
6
What is the units digit of 331171?
1
What is the units digit of 395877?
7
What is the thousands digit of 14268893?
8
What is the hundreds digit of 492823?
8
What is the thousands digit of 26292237?
2
What is the tens digit of 687975?
7
What is the units digit of 1276047?
7
What is the hundreds digit of 33439348?
3
What is the hundreds digit of 501121?
1
What is the ten thousands digit of 162809?
6
What is the thousands digit of 137980?
7
What is the thousands digit of 393546?
3
What is the units digit of 64037?
7
What is the hundreds digit of 973752?
7
What is the hundreds digit of 102521?
5
What is the thousands digit of 237836?
7
What is the units digit of 388027?
7
What is the ten millions digit of 25642024?
2
What is the thousands digit of 212708?
2
What is the thousands digit of 499274?
9
What is the hundred thousands digit of 30741438?
7
What is the hundred thousands digit of 2798410?
7
What is the units digit of 379597?
7
What is the ten thousands digit of 824639?
2
What is the ten thousands digit of 43365?
4
What is the millions digit of 1292827?
1
What is the tens digit of 206970?
7
What is the hundred thousands digit of 6474580?
4
What is the hundreds digit of 683031?
0
What is the units digit of 667849?
9
What is the units digit of 282276?
6
What is the ten thousands digit of 257330?
5
What is the tens digit of 431527?
2
What is the hundred thousands digit of 657180?
6
What is the ten millions digit of 15276664?
1
What is the ten thousands digit of 233569?
3
What is the millions digit of 7062086?
7
What is the hundreds digit of 663090?
0
What is the ten millions digit of 10084439?
1
What is the thousands digit of 56663?
6
What is the hundred thousands digit of 223419?
2
What is the units digit of 1490904?
4
What is the ten thousands digit of 1282653?
8
What is the ten thousands digit of 155945?
5
What is the units digit of 1357908?
8
What is the tens digit of 240557?
5
What is the units digit of 9772783?
3
What is the thousands digit of 11191766?
1
What is the hundred thousands digit of 269513?
2
What is the units digit of 426488?
8
What is the hundreds digit of 195109?
1
What is the hundred thousands digit of 22461121?
4
What is the units digit of 14929370?
0
What is the ten thousands digit of 3961392?
6
What is the tens digit of 14901917?
1
What is the thousands digit of 120349?
0
What is the thousands digit of 1962885?
2
